is divided by 84.
81
Calculate the remainder when 2072 is divided by 257.
16
Calculate the remainder when 122 is divided by 31.
29
What is the remainder when 415 is divided by 291?
124
Calculate the remainder when 425 is divided by 74.
55
What is the remainder when 441 is divided by 140?
21
Calculate the remainder when 512 is divided by 502.
10
What is the remainder when 521 is divided by 25?
21
What is the remainder when 1597 is divided by 13?
11
Calculate the remainder when 20169 is divided by 164.
161
What is the remainder when 330 is divided by 85?
75
Calculate the remainder when 28 is divided by 11.
6
Calculate the remainder when 9449 is divided by 17.
14
What is the remainder when 414 is divided by 26?
24
What is the remainder when 2053 is divided by 172?
161
Calculate the remainder when 255 is divided by 43.
40
Calculate the remainder when 1195 is divided by 40.
35
Calculate the remainder when 2389 is divided by 92.
89
What is the remainder when 1469 is divided by 23?
20
Calculate the remainder when 1883 is divided by 82.
79
Calculate the remainder when 316 is divided by 11.
8
What is the remainder when 571 is divided by 117?
103
What is the remainder when 3864 is divided by 1285?
9
What is the remainder when 840 is divided by 166?
10
Calculate the remainder when 86 is divided by 45.
41
What is the remainder when 1459 is divided by 190?
129
What is the remainder when 3628 is divided by 719?
33
Calculate the remainder when 2417 is divided by 240.
17
What is the remainder when 83 is divided by 28?
27
What is the remainder when 580 is divided by 121?
96
What is the remainder when 2529 is divided by 149?
145
Calculate the remainder when 226 is divided by 55.
6
What is the remainder when 88 is divided by 39?
10
What is the remainder when 415 is divided by 139?
137
Calculate the remainder when 4986 is divided by 58.
56
Calculate the remainder when 2615 is divided by 23.
16
Calculate the remainder when 12208 is divided by 222.
220
Calculate the remainder when 194 is divided by 52.
38
What is the remainder when 376 is divided by 21?
19
Calculate the remainder when 1713 is divided by 49.
47
What is the remainder when 233 is divided by 177?
56
What is the remainder when 266 is divided by 45?
41
Calculate the remainder when 802 is divided by 20.
2
What is the remainder when 492 is divided by 33?
30
Calculate the remainder when 1506 is divided by 753.
0
What is the remainder when 355 is divided by 27?
4
Calculate the remainder when 480 is divided by 62.
46
Calculate the remainder when 7395 is divided by 18.
15
What is the remainder when 100 is divided by 18?
10
Calculate the remainder when 3191 is divided by 53.
11
What is the remainder when 4018 is divided by 12?
10
Calculate the remainder when 44 is divided by 3.
2
Calculate the remainder when 69 is divided by 62.
7
What is the remainder when 226 is divided by 19?
17
What is the remainder when 335 is divided by 24?
23
What is the remainder when 741 is divided by 92?
5
What is the remainder when 3434 is divided by 287?
277
Calculate the remainder when 3833 is divided by 202.
197
What is the remainder when 499 is divided by 231?
37
Calculate the remainder when 710 is divided by 23.
20
Calculate the remainder when 281 is divided by 41.
35
Calculate the remainder when 318 is divided by 10.
8
What is the remainder when 642 is divided by 274?
94
What is the remainder when 884 is divided by 148?
144
Calculate the remainder when 130 is divided by 47.
36
Calculate the remainder when 1299 is divided by 47.
30
What is the remainder when 435 is divided by 96?
51
What is the remainder when 1328 is divided by 46?
40
What is the remainder when 64 is divided by 43?
21
Calculate the remainder when 1663 is divided by 140.
123
What is the remainder when 332 is divided by 38?
28
What is the remainder when 1053 is divided by 524?
5
Calculate the remainder when 139 is divided by 32.
11
What is the remainder when 558 is divided by 509?
49
Calculate the remainder when 847 is divided by 138.
19
Calculate the remainder when 661 is divided by 51.
49
What is the remainder when 443 is divided by 11?
3
Calculate the remainder when 159 is divided by 54.
51
What is the remainder when 1077 is divided by 536?
5
What is the remainder when 293 is divided by 7?
6
What is the remainder when 4407 is divided by 76?
75
What is the remainder when 398 is divided by 21?
20
What is the remainder when 372 is divided by 134?
104
What is the remainder when 1382 is divided by 5?
2
What is the remainder when 21394 is divided by 12?
10
Calculate the remainder when 377 is divided by 64.
57
Calculate the remainder when 3621 is divided by 3615.
6
What is the remainder when 1078 is divided by 349?
31
Calculate the remainder when 151 is divided by 151.
0
Calculate the remainder when 1055 is divided by 156.
119
Calculate the remainder when 417 is divided by 92.
49
What is the remainder when 7749 is divided by 155?
154
What is the remainder when 153 is divided by 59?
35
Calculate the remainder when 639 is divided by 2.
1
Calculate the remainder when 3351 is divided by 99.
84
What is the remainder when 408 is divided by 59?
54
Calculate the remainder when 275 is divided by 69.
68
What is the remainder when 110 is divided by 57?
53
What is the remainder when 560 is divided by 33?
32
Calculate the remainder when 571 is divided by 508.
63
What is the remainder when 854 is divided by 102?
38
Calculate the remainder when 238 is divided by 114.
10
What is the remainder when 677 is divided by 34?
31
Calculate the remainder when 2495 is divided by 226.
9
Calculate the remainder when 25 is divided by 2.
1
What is the remainder when 2084 is divided by 24?
20
What is the remainder when 335 is divided by 24?
23
Calculate the remainder when 2305 is divided by 165.
160
Calculate the remainder when 127 is divided by 6.
1
Calculate the remainder when 802 is divided by 73.
72
What is the remainder when 532 is divided by 67?
63
What is the remainder when 133 is divided by 17?
14
Calculate the remainder when 812 is divided by 34.
30
What is the remainder when 190 is divided by 29?
16
What is the remainder when 269 is divided by 43?
11
Calculate the remainder when 709 is divided by 34.
29
What is the remainder when 161 is divided by 39?
5
What is the remainder when 4073 is divided by 291?
290
Calculate the remainder when 609 is divided by 12.
9
What is the remainder when 309 is divided by 100?
9
What is the remainder when 1156 is divided by 10?
6
Calculate the remainder when 132 is divided by 121.
11
Calculate the remainder when 66 is divided by 18.
12
Calculate the remainder when 244 is divided by 42.
34
What is the remainder when 426 is divided by 33?
30
What is the remainder when 205 is divided by 30?
25
What is the remainder when 425 is divided by 207?
11
Calculate the remainder when 2859 is divided by 44.
43
What is the remainder when 45 is divided by 34?
11
Calculate the remainder when 1133 is divided by 100.
33
Calculate the remainder when 156 is divided by 34.
20
Calculate the remainder when 320 is divided by 105.
5
Calculate the remainder when 1083 is divided by 113.
66
What is the remainder when 4748 is divided by 11?
7
Calculate the remainder when 63 is divided by 2.
1
What is the remainder when 3010 is divided by 298?
30
Calculate the remainder when 527 is divided by 78.
59
What is the remainder when 154 is divided by 39?
37
What is the remainder when 93 is divided by 31?
0
Calculate the remainder when 336 is divided by 34.
30
What is the remainder when 2895 is divided by 18?
15
What is the remainder when 230 is divided by 8?
6
Calculate the remainder when 1527 is divided by 48.
39
Calculate the remainder when 210 is divided by 110.
100
What is the remainder when 7530 is divided by 31?
28
Calculate the remainder when 567 is divided by 30.
27
What is the remainder when 396 is divided by 20?
16
Calculate the remainder when 14616 is divided by 172.
168
What is the remainder when 118 is divided by 31?
25
What is the remainder when 1219 is divided by 49?
43
Calculate the remainder when 68 is divided by 12.
8
What is the remainder when 59 is divided by 17?
8
Calculate the remainder when 81 is divided by 30.
21
Calculate the remainder when 431 is divided by 12.
11